{"id":525,"date":"2019-07-19T11:55:34","date_gmt":"2019-07-19T11:55:34","guid":{"rendered":"https:\/\/www.lucieurbanova.cz\/?page_id=525"},"modified":"2023-10-03T20:01:03","modified_gmt":"2023-10-03T20:01:03","slug":"co-nabizim","status":"publish","type":"page","link":"https:\/\/www.lucieurbanova.cz\/?page_id=525","title":{"rendered":"CO NAB\u00cdZ\u00cdM"},"content":{"rendered":"<p><span style=\"font-weight: 400;\">Sna\u017e\u00edm se naslouchat a zjistit, co V\u00e1s tr\u00e1p\u00ed a s \u010d\u00edm V\u00e1m mohu pomoci. Veden\u00fdm rozhovorem, vy\u0161et\u0159en\u00edm pohybov\u00e9ho apar\u00e1tu a pohledem na jazyk zkoum\u00e1m mo\u017en\u00e9 p\u0159\u00ed\u010diny probl\u00e9mu.\u00a0<\/span><\/p>\n<p>V terapii pou\u017e\u00edv\u00e1m \u201cklasick\u00e9 metody fyzioterapie\u201d, akupresuru, meridi\u00e1novou mas\u00e1\u017e, mas\u00e1\u017e vnit\u0159n\u00edch org\u00e1n\u016f Chi Nei Tsang, j\u00f3gov\u00e9 pozice, taoistick\u00e9 techniky, relaxa\u010dn\u00ed postupy, dietetick\u00e1 a ergonomick\u00e1 doporu\u010den\u00ed.<\/p>\n<p><span style=\"font-weight: 400;\">Proto\u017ee jsem profesn\u011b fyzioterapeutka m\u00e1m zku\u0161enosti p\u0159edev\u0161\u00edm s pacienty s probl\u00e9my v oblasti pohybov\u00e9ho apar\u00e1tu (bolesti vaz\u016f, \u0161lach, kloub\u016f, sval\u016f a v\u00fdh\u0159ezy plot\u00e9nek), s bolestmi a mot\u00e1n\u00edm hlavy, probl\u00e9my s inkontinenc\u00ed a ot\u011bhotn\u011bn\u00edm, po \u00farazech a operac\u00edch. <\/span><\/p>\n<p><span style=\"font-weight: 400;\">D\u00edky kurzu mas\u00e1\u017ee vnit\u0159n\u00edch org\u00e1n\u016f V\u00e1m mohu nyn\u00ed nab\u00eddnout pomoc p\u0159i nad\u00fdm\u00e1n\u00ed a jin\u00fdch tr\u00e1vic\u00edch obt\u00ed\u017e\u00edch (pokud byly vylou\u010deny ostatn\u00ed v\u00e1\u017en\u00e9 p\u0159\u00ed\u010diny jejich vzniku). <\/span><\/p>\n<p><span style=\"font-weight: 400;\">Kdy\u017e si budu jist\u00e1, \u017ee V\u00e1m m\u016f\u017eu pomoct i s jin\u00fdmi obt\u00ed\u017eemi, r\u00e1da to ud\u011bl\u00e1m.\u00a0<\/span><\/p>\n<p><b>Vzd\u011bl\u00e1n\u00ed a kurzy:<\/b><\/p>\n<ul>\n<li>Bc. a navazuj\u00edc\u00ed Mgr. studium fyzioterapie (2.l\u00e9ka\u0159sk\u00e1 fakulta UK)<\/li>\n<li>M\u011bkk\u00e9 a mobiliza\u010dn\u00ed techniky (MUDr.\u00a0Pod\u011bbradsk\u00fd, Mgr.\u00a0Pod\u011bbradsk\u00e1)<\/li>\n<li>Kvadruped\u00e1ln\u00ed lokomoce (J.\u00a0\u010c\u00e1pov\u00e1, Mgr.\u00a0Debowski)<\/li>\n<li>Metodika sensomotorick\u00e9 stimulace (PhDr.\u00a0Alena\u00a0Herbenov\u00e1)<\/li>\n<li>Fyzik\u00e1ln\u00ed terapie (MUDr.\u00a0Pod\u011bbradsk\u00fd, Mgr.\u00a0Urban)<\/li>\n<li>Manu\u00e1ln\u00ed terapie podle Moj\u017e\u00ed\u0161ov\u00e9 (PaeDr.\u00a0Pavel \u0160vejcar)<\/li>\n<li>Mobiliza\u010dn\u00ed techniky (Mgr. P. Bitnar)<\/li>\n<li>J\u00f3gov\u00e1 terapie &#8211; z\u00e1kladn\u00ed kurz (Rehamil, Milovice)<\/li>\n<li>Medical Taping Concept (Krestov\u00e1)<\/li>\n<li>Ergonomie v praxi fyzioterapeuta (Mgr.\u00a0Sk\u00fdpala)<\/li>\n<li>Ashtanga Vinyasa Yoga instruktor (Sampoorna Yoga Indie 200hr YTTC, 2015)<\/li>\n<li>Dry Needling Level 1 &#8211; such\u00e1 jehla (Lond\u00fdn, Club Physio, 2016)<\/li>\n<li>Yoga v rehabilitaci (4 denn\u00ed semin\u00e1\u0159, Martina Je\u017ekov\u00e1, Clive Farrelly)<\/li>\n<li>Yang Shen Fa &#8211; \u010cchi kung a meditace (8 kus\u016f brok\u00e1tu, \u0160est dech\u016f, \u0160estice drah, Um\u011bn\u00ed sloupu; M. \u010euro, Klinika Pivo\u0148ka)<\/li>\n<li>1. a 2.ro\u010dn\u00edk tradi\u010dn\u00ed \u010d\u00ednsk\u00e9 medic\u00edny (Sinobiologick\u00e1 spole\u010dnost)<\/li>\n<li>1. a 2.ro\u010dn\u00edk tradi\u010dn\u00ed \u010d\u00ednsk\u00e9 medic\u00edny (Institut T\u010cM)<\/li>\n<li>Dietetika z pohledu tradi\u010dn\u00ed \u010d\u00ednsk\u00e9 medic\u00edny (Sinobiologick\u00e1 spole\u010dnost, Susan L. Ondrasek, 4 denn\u00ed semin\u00e1\u0159)<\/li>\n<li>Psychosomatika I.-IV., v\u00edkendov\u00e9 semin\u00e1\u0159e (Aktip)<\/li>\n<li>Za t\u00fdden ost\u0159\u00edlen\u00fdm jog\u00ednem (Pavel Hub, t\u00fddenn\u00ed kurz Ashtanga j\u00f3gy, 2017)<\/li>\n<li>P\u0159edklony a z\u00e1klony (Dalibor \u0160\u0165edro\u0148sk\u00fd, dva v\u00edkendov\u00e9 semin\u00e1\u0159e, 2018)<\/li>\n<li>Chi Nei Tsang &#8211; mas\u00e1\u017e vnit\u0159n\u00edch org\u00e1n\u016f (Mistr Chia Mantak, t\u00fddenn\u00ed kurz, Thajsko, 2018)<\/li>\n<li>Wim Hof metoda (jednodenn\u00ed kurz otu\u017eov\u00e1n\u00ed, 2019)<\/li>\n<li>Yoga Nidra Teacher training (Astrea Sarah, 2019)<\/li>\n<li>Hormonal yoga therapy Teacher training (online, 600 hodin, Dinah Rodriguez, 2023)<\/li>\n<li>Koordina\u010dn\u011b z\u00e1t\u011b\u017eov\u00e1 kinezioterapie &#8211; \u010d\u00e1st A (Mgr. Zden\u011bk \u010cech, 2023)<\/li>\n<\/ul>\n\n\n<p><\/p>\n\n\n\n<p><strong>Instruktorsk\u00e1 \u010dinnost<\/strong>:<\/p>\n\n\n\n<ul class=\"wp-block-list\">\n<li>veden\u00ed individu\u00e1ln\u00edch lekc\u00ed j\u00f3gy v \u010desk\u00e9m i anglick\u00e9m jazyce<\/li>\n\n\n\n<li>veden\u00ed skupinov\u00fdch lekc\u00ed j\u00f3gy pro \u017eeny<\/li>\n\n\n\n<li>doprov\u00e1zen\u00ed skupiny a veden\u00ed j\u00f3gy na ozdravn\u00fdch Ayurv\u00e9dsk\u00fdch pobytech na Sr\u00ed Lance<\/li>\n\n\n\n<li>po\u0159\u00e1d\u00e1n\u00ed v\u00edkendov\u00e9ho kurzu j\u00f3gy v \u010cech\u00e1ch <\/li>\n\n\n\n<li>veden\u00ed firemn\u00edch workshop\u016f v anglick\u00e9m jazyce (dech a jeho vliv na stres, tr\u00e1ven\u00ed, pohybov\u00fd apar\u00e1t, j\u00f3ga nidra, pozdrav slunci)<\/li>\n<\/ul>\n\n\n<p><!--EndFragment--><\/p>","protected":false},"excerpt":{"rendered":"<p>Sna\u017e\u00edm se naslouchat a zjistit, co V\u00e1s tr\u00e1p\u00ed a s \u010d\u00edm V\u00e1m mohu pomoci. Veden\u00fdm rozhovorem, vy\u0161et\u0159en\u00edm pohybov\u00e9ho apar\u00e1tu a pohledem na jazyk zkoum\u00e1m mo\u017en\u00e9 p\u0159\u00ed\u010diny probl\u00e9mu.\u00a0 V terapii pou\u017e\u00edv\u00e1m \u201cklasick\u00e9 metody fyzioterapie\u201d, akupresuru, meridi\u00e1novou mas\u00e1\u017e, mas\u00e1\u017e vnit\u0159n\u00edch org\u00e1n\u016f Chi Nei Tsang, j\u00f3gov\u00e9 pozice, taoistick\u00e9 techniky, relaxa\u010dn\u00ed postupy, dietetick\u00e1 a ergonomick\u00e1 doporu\u010den\u00ed. Proto\u017ee jsem profesn\u011b &hellip; <\/p>\n<p class=\"link-more\"><a href=\"https:\/\/www.lucieurbanova.cz\/?page_id=525\" class=\"more-link\">Pokra\u010dovat ve \u010dten\u00ed<span class=\"screen-reader-text\"> &#8222;CO NAB\u00cdZ\u00cdM&#8220;<\/span><\/a><\/p>\n","protected":false},"author":1,"featured_media":554,"parent":0,"menu_order":0,"comment_status":"closed","ping_status":"closed","template":"","meta":{"footnotes":""},"class_list":["post-525","page","type-page","status-publish","has-post-thumbnail","hentry"],"_links":{"self":[{"href":"https:\/\/www.lucieurbanova.cz\/index.php?rest_route=\/wp\/v2\/pages\/525","targetHints":{"allow":["GET"]}}],"collection":[{"href":"https:\/\/www.lucieurbanova.cz\/index.php?rest_route=\/wp\/v2\/pages"}],"about":[{"href":"https:\/\/www.lucieurbanova.cz\/index.php?rest_route=\/wp\/v2\/types\/page"}],"author":[{"embeddable":true,"href":"https:\/\/www.lucieurbanova.cz\/index.php?rest_route=\/wp\/v2\/users\/1"}],"replies":[{"embeddable":true,"href":"https:\/\/www.lucieurbanova.cz\/index.php?rest_route=%2Fwp%2Fv2%2Fcomments&post=525"}],"version-history":[{"count":7,"href":"https:\/\/www.lucieurbanova.cz\/index.php?rest_route=\/wp\/v2\/pages\/525\/revisions"}],"predecessor-version":[{"id":695,"href":"https:\/\/www.lucieurbanova.cz\/index.php?rest_route=\/wp\/v2\/pages\/525\/revisions\/695"}],"wp:featuredmedia":[{"embeddable":true,"href":"https:\/\/www.lucieurbanova.cz\/index.php?rest_route=\/wp\/v2\/media\/554"}],"wp:attachment":[{"href":"https:\/\/www.lucieurbanova.cz\/index.php?rest_route=%2Fwp%2Fv2%2Fmedia&parent=525"}],"curies":[{"name":"wp","href":"https:\/\/api.w.org\/{rel}","templated":true}]}}