{"id":55,"date":"2017-05-19T20:00:07","date_gmt":"2017-05-19T20:00:07","guid":{"rendered":"https:\/\/www.lucieurbanova.cz\/?page_id=55"},"modified":"2023-04-10T09:22:44","modified_gmt":"2023-04-10T09:22:44","slug":"__trashed","status":"publish","type":"page","link":"https:\/\/www.lucieurbanova.cz\/","title":{"rendered":"O MN\u011a"},"content":{"rendered":"<p><span style=\"font-weight: 400;\">Jsem profes\u00ed fyzioterapeutka. Vystudovala jsem magistersk\u00fd obor fyzioterapie na 2. l\u00e9ka\u0159sk\u00e9 fakult\u011b Univerzity Karlovy. Po studiu jsem pracovala dva roky na neurologii v Motole a pot\u00e9 si otev\u0159ela soukromou ambulanci na Zbraslavi, kterou provozuji p\u0159ibli\u017en\u011b 13 let. <\/span><\/p>\n<p><span style=\"font-weight: 400;\">Pr\u00e1ce s lidmi m\u011b v\u017edycky bavila, ale podv\u011bdom\u011b jsem v\u011bd\u011bla, \u017ee jen u fyzioterapie nez\u016fstanu. Po \u0161esti letech od dokon\u010den\u00ed studia fyzioterapie jsem za\u010dala studovat \u010d\u00ednskou medic\u00ednu, proto\u017ee mi nab\u00eddla \u0161ir\u0161\u00ed, ucelen\u011bj\u0161\u00ed a z\u00e1rove\u0148 jednodu\u0161\u0161\u00ed pohled na lidsk\u00e9 t\u011blo ne\u017e d\u00e1v\u00e1 fakty nabit\u00e1, analyticky zam\u011b\u0159en\u00e1 z\u00e1padn\u00ed medic\u00edna. <\/span><\/p>\n<p><span style=\"font-weight: 400;\">Krom\u011b \u010d\u00ednsk\u00e9 medic\u00edna se zaj\u00edm\u00e1m tak\u00e9 o j\u00f3gu a o taoistick\u00e9 techniky a ve sv\u00e9 praxi v\u0161e kombinuji.<\/span><\/p>\n<p>\u00a0<\/p>\n\n\n<p><\/p>\n","protected":false},"excerpt":{"rendered":"<p>Jsem profes\u00ed fyzioterapeutka. Vystudovala jsem magistersk\u00fd obor fyzioterapie na 2. l\u00e9ka\u0159sk\u00e9 fakult\u011b Univerzity Karlovy. Po studiu jsem pracovala dva roky na neurologii v Motole a pot\u00e9 si otev\u0159ela soukromou ambulanci na Zbraslavi, kterou provozuji p\u0159ibli\u017en\u011b 13 let. Pr\u00e1ce s lidmi m\u011b v\u017edycky bavila, ale podv\u011bdom\u011b jsem v\u011bd\u011bla, \u017ee jen u fyzioterapie nez\u016fstanu. Po \u0161esti letech &hellip; <\/p>\n<p class=\"link-more\"><a href=\"https:\/\/www.lucieurbanova.cz\/\" class=\"more-link\">Pokra\u010dovat ve \u010dten\u00ed<span class=\"screen-reader-text\"> &#8222;O MN\u011a&#8220;<\/span><\/a><\/p>\n","protected":false},"author":1,"featured_media":0,"parent":0,"menu_order":0,"comment_status":"closed","ping_status":"closed","template":"","meta":{"footnotes":""},"class_list":["post-55","page","type-page","status-publish","hentry"],"_links":{"self":[{"href":"https:\/\/www.lucieurbanova.cz\/index.php?rest_route=\/wp\/v2\/pages\/55","targetHints":{"allow":["GET"]}}],"collection":[{"href":"https:\/\/www.lucieurbanova.cz\/index.php?rest_route=\/wp\/v2\/pages"}],"about":[{"href":"https:\/\/www.lucieurbanova.cz\/index.php?rest_route=\/wp\/v2\/types\/page"}],"author":[{"embeddable":true,"href":"https:\/\/www.lucieurbanova.cz\/index.php?rest_route=\/wp\/v2\/users\/1"}],"replies":[{"embeddable":true,"href":"https:\/\/www.lucieurbanova.cz\/index.php?rest_route=%2Fwp%2Fv2%2Fcomments&post=55"}],"version-history":[{"count":16,"href":"https:\/\/www.lucieurbanova.cz\/index.php?rest_route=\/wp\/v2\/pages\/55\/revisions"}],"predecessor-version":[{"id":692,"href":"https:\/\/www.lucieurbanova.cz\/index.php?rest_route=\/wp\/v2\/pages\/55\/revisions\/692"}],"wp:attachment":[{"href":"https:\/\/www.lucieurbanova.cz\/index.php?rest_route=%2Fwp%2Fv2%2Fmedia&parent=55"}],"curies":[{"name":"wp","href":"https:\/\/api.w.org\/{rel}","templated":true}]}}

O MNĚ

<p><span style="font-weight: 400;">Jsem profesí fyzioterapeutka. Vystudovala jsem magisterský obor fyzioterapie na 2. lékařské fakultě Univerzity Karlovy. Po studiu jsem pracovala dva roky na neurologii v Motole a poté si otevřela soukromou ambulanci na Zbraslavi, kterou provozuji přibližně 13 let. </span></p>
<p><span style="font-weight: 400;">Práce s lidmi mě vždycky bavila, ale podvědomě jsem věděla, že jen u fyzioterapie nezůstanu. Po šesti letech od dokončení studia fyzioterapie jsem začala studovat čínskou medicínu, protože mi nabídla širší, ucelenější a zároveň jednodušší pohled na lidské tělo než dává fakty nabitá, analyticky zaměřená západní medicína. </span></p>
<p><span style="font-weight: 400;">Kromě čínské medicína se zajímám také o jógu a o taoistické techniky a ve své praxi vše kombinuji.</span></p>
<p> </p>


<p></p>

<p>Jsem profesí fyzioterapeutka. Vystudovala jsem magisterský obor fyzioterapie na 2. lékařské fakultě Univerzity Karlovy. Po studiu jsem pracovala dva roky na neurologii v Motole a poté si otevřela soukromou ambulanci na Zbraslavi, kterou provozuji přibližně 13 let. Práce s lidmi mě vždycky bavila, ale podvědomě jsem věděla, že jen u fyzioterapie nezůstanu. Po šesti letech &hellip; </p>
<p class="link-more"><a href="https://www.lucieurbanova.cz/" class="more-link">Pokračovat ve čtení<span class="screen-reader-text"> &#8222;O MNĚ&#8220;</span></a></p>
